 b be y(-4). What is the greatest common divisor of b and v?
4
Let a(g) = g + 12. Let q be a(-12). Let y = q + 56. What is the highest common divisor of y and 84?
28
Let u(r) = r**3 + 7*r**2 - 4*r - 5. Let a be u(-4). Calculate the greatest common factor of 1 and a.
1
Let v(n) = n**2 - n - 38. Let u be v(6). Let w be (48 - u/2)/2. What is the greatest common factor of 13 and w?
13
Let v = 40 - 63. Let l = v - -28. Suppose h + 2*c = l, -2*h + 4*c = 2*c - 4. What is the greatest common factor of h and 3?
3
Let c = 313 - 106. Suppose t = -3*a + c, 4*t = a + a - 152. What is the highest common factor of 14 and a?
14
Let u(d) = -41*d - 16. Let j be u(-6). Calculate the highest common factor of 138 and j.
46
Suppose 0 = -4*y + 49 + 27. Let p = -13 + y. What is the greatest common divisor of p and 30?
6
Let u = 17 + 11. What is the highest common divisor of u and 42?
14
Let x be (68/20 + -1)*15/2. Suppose 0 = -9*t + 5*t + 16. What is the greatest common divisor of t and x?
2
Let i = -31 + 33. Let b be 132/12 + i*2. What is the highest common factor of b and 75?
15
Suppose -2*t = 3*b - 126, 17 - 82 = -2*b + 5*t. Let k = 26 + 14. Suppose 0*d = -4*d + k. What is the greatest common divisor of b and d?
10
Suppose 5*r = 3*r - 3*g + 25, -2*g = -4*r + 74. Calculate the highest common factor of r and 13.
1
Suppose -9*t = -20*t + 726. What is the highest common divisor of t and 88?
22
Let g(q) = 4*q + 58. Let c be g(-12). Let p = 108 + 2. What is the greatest common factor of p and c?
10
Let f(x) = 2*x**3 - 11*x**2 + 9*x + 1. Let s be f(7). Suppose 5*d - t = d + s, -4*t - 34 = -d. What is the highest common divisor of 18 and d?
18
Let w be (74 - 71)/(3/284). What is the highest common factor of w and 213?
71
Let d be (-1)/1 - (0 + -41). Let k = 313 - 218. Let i = -87 + k. What is the greatest common factor of i and d?
8
Let m(s) = -4*s. Let q(b) = b**3 - b**2 - 2*b - 3. Let u be q(-2). Let x be m(u). Calculate the greatest common divisor of 11 and x.
11
Suppose 0 = -f + 30 + 26. Suppose -k - 67 = -2*c, 3*c + 4*k = f + 28. Calculate the greatest common factor of c and 48.
16
Let t(q) = -27*q + 1. Let d be t(-5). Let c be -3*(-2)/6*d. Calculate the highest common factor of 34 and c.
34
Suppose -9 = -7*s + 6*s. Suppose -11*x + s*x + 4*w + 168 = 0, 4*w = 3*x - 256. Calculate the greatest common factor of 8 and x.
8
Let h be (6/2)/((-6)/(-92)). Suppose 0 = -8*b + 20*b - 216. Let v = 5 + b. Calculate the greatest common divisor of h and v.
23
Suppose 402 = 25*b - 73. Suppose 3*t = -4*f + 78, 7*t + 5*f = 2*t + 125. Let n be t/(-3)*-21 - 2. Calculate the highest common divisor of n and b.
19
Suppose 0*g = 5*g - 395. Let n = g + -49. Suppose 3*m = -3*y + n, 2*y - 2*m - m = -5. What is the greatest common factor of 40 and y?
5
Let h(m) = -5*m - 9. Let g be h(-7). Let z(l) = 2*l**2 + 2*l + 12. Let b be z(-5). What is the greatest common divisor of g and b?
26
Let z(v) = -v**3 + 3*v**2 + 5*v. Let u be z(5). Let j = 27 + u. What is the highest common factor of j and 7?
1
Let u be ((-3)/4)/(9/(-24)) - 11. Let j(s) = -2*s + 4. Let b be j(u). What is the greatest common factor of 2 and b?
2
Suppose -62 = -11*b + 15. What is the greatest common divisor of b and 28?
7
Suppose 2*y - m = 42, -2*m = -3*y + 21 + 43. What is the greatest common divisor of 230 and y?
10
Let q be -6*(1 + (-3)/6) - 129. Let i = -125 - q. What is the highest common divisor of i and 21?
7
Let g(q) = -35*q - 244. Let m be g(-8). What is the greatest common divisor of m and 32?
4
Suppose 29*f - 249 = 302. What is the highest common divisor of 380 and f?
19
Let g be (-10)/(-1)*(-28)/15*-3. Suppose 60*u - 4 = g*u. Calculate the highest common factor of u and 3.
1
Let w(x) = 8*x - 4. Let j be w(-6). Let g = -21 - j. Let r = -26 + g. Calculate the greatest common divisor of r and 5.
5
Let f(d) = -d + 1. Let n be f(4). Let i(r) = 7*r**2 + 4*r + 3. Let a be i(n). Suppose 3 = 4*j - 21. Calculate the greatest common factor of a and j.
6
Let l(u) = -2*u**2 - u + 6. Let p be l(2). Let r be (3/9*3)/((-1)/p). Calculate the highest common divisor of 4 and r.
4
Suppose 344 + 16 = 10*v. Suppose -4*n + v = 3*r, 4*n - 2*r - 36 = -7*r. What is the greatest common divisor of 12 and n?
3
Let f be 2/(-6)*(-38 + 5). Let r = 23 - f. Suppose 0*z - 3*z + r = 0. Calculate the greatest common divisor of 4 and z.
4
Let z(v) = v**3 + 5*v**2 - 7*v - 2. Let h be z(-6). Let x = 6 - 6. Suppose h*k + k - 55 = x. Calculate the greatest common factor of 11 and k.
11
Suppose 4*p = 4*w - w + 420, -p - 5*w + 105 = 0. What is the highest common divisor of p and 60?
15
Suppose 0 = -3*v + 2*v + 20. Let l(t) = -t**2 + 6*t + 7. Let n be l(6). Suppose -19 = -3*w - n. Calculate the highest common divisor of w and v.
4
Let f = 206 - 65. Calculate the highest common divisor of f and 47.
47
Suppose 2*b = 2*p + 88, -3*b + 136 = -3*p + b. Let s = -7 - p. Calculate the greatest common factor of 22 and s.
11
Let o be (-1 - -1) + -3 + 19. Let r = o + 4. Suppose 7*n - 6*n = r. What is the highest common divisor of 50 and n?
10
Let h = -1969 + 2886. What is the highest common divisor of h and 7?
7
Let g = 3 - -5. Let f be (-4 + 2)/(g/(-100)). What is the greatest common divisor of f and 5?
5
Let o be (780/(-3))/((-133)/21 + 6). What is the highest common divisor of 20 and o?
20
Let b(l) = -2*l + l**2 - 2*l**2 - 3 - 3*l. Let o be b(-3). Suppose 8 - 53 = -o*n. Calculate the greatest common factor of 105 and n.
15
Let l = -340 + 735. Suppose x + 131 - l = 0. Calculate the highest common divisor of 24 and x.
24
Suppose y - 1 = 0, z + 4*y - 1588 = -216. Calculate the highest common factor of z and 19.
19
Let v = -194 + 201. Calculate the greatest common factor of v and 3.
1
Let x = -483 + 543. What is the greatest common divisor of 150 and x?
30
Let j be 370/45 - (-17)/((-306)/4). Calculate the greatest common divisor of 202 and j.
2
Let c(g) = g**2 - 37*g - 389. Let h be c(53). What is the greatest common divisor of 255 and h?
51
Let y be 11/((-132)/160)*63/(-6). What is the greatest common factor of 160 and y?
20
Suppose -858*y = -846*y - 336. Calculate the highest common factor of 490 and y.
14
Let g be (171 - 3)*96/28. Suppose -9*y = -13*y + g. Suppose 0*m = -m + 16. Calculate the greatest common factor of y and m.
16
Let f be (-6)/(-4)*13/((-351)/(-36)). Let i(m) = 22*m - 14. Let o be i(f). Calculate the greatest common divisor of 10 and o.
10
Let y(v) be the first derivative of v**4/2 + v**3/3 - v**2/2 + 4*v + 13. Let o be y(4). Calculate the greatest common divisor of 16 and o.
16
Let o(h) = h - 12. Let s be o(15). Suppose -p + 95 = v, 2*p = 6*p - s*v - 352. What is the highest common divisor of 13 and p?
13
Let s be 3 + (1 - 3) - 0. Suppose -4*k - o = -81, -s = 2*k + 2*o - 37. Suppose t - 5*t + 8 = 0, u = -5*t + k. Calculate the highest common factor of u and 11.
11
Let p be 1 + -5 - (-6 + 2). Suppose -12*r + p*r + 144 = 0. Calculate the greatest common divisor of r and 18.
6
Suppose -4*w + 4972 = -4*z - 4532, 3*z = 0. What is the greatest common divisor of 18 and w?
18
Let d(s) = 3*s + 1. Suppose -8*j = -5*j - 9. Let u be d(j). Let m(l) = -l**3 - 8*l**2 - 4*l - 7. Let v be m(-9). What is the greatest common divisor of v and u?
10
Let m(v) = -v + 6. Let k(g) = g**3 - g + 1. Let q be k(1). Let y(j) = 2*j. Let r be y(q). Let o be m(r). What is the highest common factor of o and 12?
4
Let i = 14 - 7. Let x = -53 + 121. Suppose 2*g - x = -5*u, 4*u + 2*g - 33 - 21 = 0. Calculate the greatest common divisor of i and u.
7
Suppose 3*l - l = 14. Let u = l - 6. Let x(c) = 9*c - 1. Let p be x(u). Calculate the highest common factor of p and 16.
8
Let w(v) be the first derivative of -v**4/4 + 5*v**3/3 + 7*v**2/2 + 8*v + 22. Let c be w(6). What is the highest common divisor of 98 and c?
14
Let i be -4 - ((-4 - -2) + -6). Suppose -2*c = -c - i*f - 177, 2*c - 5*f = 345. What is the highest common divisor of c and 15?
15
Let j = 16 - 13. Suppose 4*y = 5*y - j. What is the highest common divisor of 6 and y?
3
Suppose -3168 = 23*s - 31*s. Calculate the highest common factor of 88 and s.
44
Let c be (-6)/27 - 11*(-256)/36. Calculate the greatest common factor of c and 36.
6
Let y be (14/(-4) + 4)*-12. Let u(o) = o**3 + 6*o**2 - o + 8. Let h be u(y). What is the highest c